mainder when p is divided by s(k)?
12
Let d be (-217)/(-147)*93 - (-4)/(-14). Let w = d + -123. What is the remainder when 39 is divided by w?
11
What is the remainder when 359 is divided by (((-406)/28)/(-29))/(1/10)?
4
Let j(l) be the first derivative of -l**4/4 + 11*l**3/3 + 3*l - 21. What is the remainder when 4 is divided by j(11)?
1
Let d(j) = j**2 + 5. Let h = -327 + 341. What is the remainder when d(-6) is divided by h?
13
Suppose -3129 = -90*q + 69*q. Calculate the remainder when q is divided by 45.
14
Let g be 4/30 - ((-20356)/105 - -3). Suppose g + 274 = 5*u. What is the remainder when u is divided by 32?
29
Let h(g) = 2 + g - 2*g + 1. Let t be h(10). Let n = 40 - t. What is the remainder when n is divided by 16?
15
Let m(y) = 2*y**2 + 47*y + 72. Let v = -31 + 44. Calculate the remainder when v is divided by m(-22).
1
Let d be 10/45 + (-568)/(-36). Suppose 18*n - 22*n = -d. What is the remainder when 13*(2/(-2))/(-1) is divided by n?
1
Suppose -2*h + f + 24 = 3*f, f = 5*h - 54. What is the remainder when 61 is divided by h?
6
Let z = -16 + 26. Let h = -16 + 50. What is the remainder when h is divided by z?
4
Let m = -1908 - -1919. Let u(c) = -c**2 - 9*c. Calculate the remainder when m is divided by u(-8).
3
Let z(q) = -q - 8. Let i be z(-11). Suppose -i*j = -76 + 13. Calculate the remainder when j is divided by 12.
9
Let g(b) = -b**2 + 19*b + 30. Calculate the remainder when 52 is divided by g(19).
22
Let a = 278 - 261. What is the remainder when 66 is divided by a?
15
Suppose 260 = 13*f - 91. Calculate the remainder when 1079 is divided by f.
26
What is the remainder when 51 is divided by 78/14 - 129/(-301)?
3
Suppose 2*h - 18 = -4*h. Let o(d) = 2*d**2 + 2*d + 3. Let f be o(h). Let u = -22 + f. What is the remainder when 22 is divided by u?
2
Suppose 41 = 2*u - 3*l, 51 + 58 = 4*u + 3*l. Suppose 2*r + 5*h = 70, -5*r + 5*h = -115 - u. Calculate the remainder when 59 is divided by r.
29
Let d(q) = 27 - 154 + 34 + 10*q + 54. Let i = -24 + 40. Calculate the remainder when d(10) is divided by i.
13
Let k be 0/1 + 0 + -3. Let v(r) = -11*r + 7. Calculate the remainder when v(k) is divided by 21.
19
Suppose 0*n = 4*n - 72. Suppose -2*r - 2*l = -10, 2*l = 2*r - 10 - 4. Suppose -2*p + r*p - 132 = 0. What is the remainder when p is divided by n?
15
Let i(q) = -q**3 - 21*q**2 - 39*q - 6. Suppose 5*j - 2*x = -x - 93, 0 = 3*j - 5*x + 47. Calculate the remainder when i(j) is divided by 8.
5
Let g(k) = 26*k**3 - 6*k**2 + 4*k - 2. Calculate the remainder when g(2) is divided by 16.
14
Let c(y) = -y**3 - 5*y**2 + 4*y - 29. What is the remainder when 241 is divided by c(-7)?
36
Let q = -12 - -22. Let p be 3 + 4/18 + (-2)/9. Suppose p*x - 14 = 70. Calculate the remainder when x is divided by q.
8
Let c = 9 + -212. Suppose 99*r = 19*r - 10880. Let w = r - c. Calculate the remainder when w is divided by 14.
11
Let w(y) = -5*y + 34. Calculate the remainder when 120 is divided by w(-7).
51
Let x(o) = -1 + 2*o**2 - 6*o + 0*o**2 - 4*o**3 + 3*o - 4*o**2. Calculate the remainder when 113 is divided by x(-2).
26
Suppose 0 = -5*i - 281 + 826. What is the remainder when i is divided by 34?
7
Suppose 0 = 2*v - 0*v + 5*w - 198, 0 = 3*v - 3*w - 318. What is the remainder when v is divided by 38?
28
Let m(h) = -2*h**2 + 35*h + 33. Let u(s) = -2*s - 12. Let d be u(-15). What is the remainder when 89 is divided by m(d)?
14
Suppose -5*z = -3*i - 119, -8*i + 3*i + 35 = z. What is the remainder when 123 is divided by z?
23
Suppose 2*r = -2*c + 92, 5*r = -2*c + 98 + 126. Suppose -4*q + 94 = -d, 3*d = -4*q + 78 + 8. Calculate the remainder when r is divided by q.
21
Suppose -324*u + 316*u = -2600. What is the remainder when u is divided by 110?
105
Suppose -5*n + 21 + 312 = -3*h, 0 = -2*h - 2. Suppose -5*s + n = 4*a - 59, -187 = -5*a + 4*s. What is the remainder when a is divided by 18?
17
Let j = -8 - -43. Suppose -j*i = -23*i - 36. What is the remainder when i is divided by 1?
0
Suppose 97 - 807 = -5*o. Calculate the remainder when o is divided by 13.
12
Let u = 13 + -5. Suppose -4*z = -7 - 33. Suppose -z*d + 30 = -0*d. Calculate the remainder when u is divided by d.
2
Suppose 108*i - 3072 = 60*i. What is the remainder when i is divided by 24?
16
Suppose 42 + 34 = k - 2*l, -2*l - 16 = 0. Let a = 8 - 6. What is the remainder when k is divided by (a*3)/(4/6)?
6
Let f = 740 + -725. Calculate the remainder when f is divided by 7.
1
Let b = -759 + 778. What is the remainder when 72 is divided by b?
15
Let d(z) = z**3 - 3*z**2 - 2*z + 6. Let r(u) = u**3 + u**2 - 5*u - 3. Let b be r(-3). Let j = 11 + b. What is the remainder when d(4) is divided by j?
4
Suppose -5*b - 4*t + 478 = 0, -39 = b - 5*t - 152. Calculate the remainder when 407 is divided by b.
15
Suppose 61*o = 54*o + 42. What is the remainder when 26 is divided by o?
2
Suppose 4*k - 5*m - 910 = 0, 3*k + 0*m + m - 692 = 0. What is the remainder when k is divided by 26?
22
Suppose 4*g - 740 + 269 = -3*q, -5*g + 575 = q. What is the remainder when g is divided by 34?
12
What is the remainder when 1712/24 + -1*1/3 is divided by 30?
11
Let l = 267 - 115. Calculate the remainder when l is divided by 53.
46
Let o = -61 + 61. Suppose o*q - 3*q = 5*n - 275, -20 = -5*n. What is the remainder when q is divided by 30?
25
Suppose -74 = -11*o + 91. What is the remainder when 28 is divided by o?
13
Calculate the remainder when 82 is divided by (1 + 7)*(-228)/(-152).
10
Let h(x) = 5*x**2 - 27*x + 8. What is the remainder when h(-8) is divided by 21?
19
Let p(u) = -u + 3*u - 1 - u - 1. Suppose -28 = -4*b + 104. What is the remainder when b is divided by p(11)?
6
Let t = 879 - 518. Suppose -18*w + t = w. Calculate the remainder when 51 is divided by w.
13
Suppose 3*i - 1442 = -2*x, -2*i - 436 = -3*x - 1380. What is the remainder when i is divided by 24?
22
Let i(f) be the third derivative of f**6/120 + 17*f**5/60 - 3*f**4/4 + 8*f**3/3 - 9*f**2. Let w = -21 + 3. What is the remainder when 31 is divided by i(w)?
15
Let a(h) = -3*h**2 - 15*h + 12. Let t be a(-7). Let n(u) = -u**3 - 6*u**2 - 5*u + 6. Let m be n(-5). What is the remainder when 47 is divided by m*(-2 - t/9)?
7
Suppose -774 = -11*j - 400. What is the remainder when j is divided by 10?
4
Let k = -17 - -32. Suppose 0 = -j - j - 2*h - 26, -71 = 5*j - h. Let c = j + k. What is the remainder when 1 is divided by c?
0
Let d = 20 + -13. Suppose 3 = 5*k - d. Suppose -3*m = 3*b - 39, -2*m + 10 = -0*b - k*b. What is the remainder when 17 is divided by m?
8
Suppose -4*c - 3*c = -224. Calculate the remainder when 277 is divided by c.
21
Suppose -5*m + 5*h + 120 = 0, -4*m + 5*h + 104 - 11 = 0. Calculate the remainder when 80 is divided by m.
26
Let o(r) = r**3 + 8*r**2 + 4*r - 21. Let i be o(-7). Suppose 5*l - 126 = -3*u, -2*u - 11 + 5 = i. Calculate the remainder when l is divided by 6.
3
Let w(a) = -84*a - 6 + 39*a + 40*a + a**2. What is the remainder when (-1 + 5)/(2/23) is divided by w(7)?
6
Suppose 8*o = 11*o - 12. Suppose 2*b + 4 = o*b, -2*i = -4*b - 26. What is the remainder when 66 is divided by i?
15
Suppose 2*j = -0*j + 4*j. Suppose j = -2*h + 3*h - 28. What is the remainder when 54 is divided by h?
26
Let v be (6/7)/(2/(-14)). Let h = v - -8. Suppose -49 = -5*y + 3*x, h*y - y - x = 11. Calculate the remainder when 29 is divided by y.
5
Let f = 901 - 865. Calculate the remainder when f is divided by 13.
10
Suppose -47 = q - 176. Calculate the remainder when q is divided by 36.
21
Suppose -10*k + 1655 = -825. What is the remainder when k is divided by 40?
8
Suppose -14*v - 24 = -22*v. What is the remainder when 20 is divided by v?
2
Let w(y) = 3*y + 62. What is the remainder when w(28) is divided by 68?
10
Let f = -52 + 56. Suppose f*u - 34 = 2*g, -5*u - 2*g + 5 = -15. What is the remainder when u is divided by 2?
0
Let m be 1/8 + (-138)/(-48). Suppose 5*w = n + 27, -m*w + 4*n + 13 = -2*w. Calculate the remainder when 34 is divided by w.
4
Let v(j) = j**3 + 15*j**2 + 29*j + 42. Calculate the remainder when 11 is divided by v(-13).
2
Let p be 9/6*142/(-3). Let u = -48 - p. Suppose 3*x + 5*t - 45 = 0, 3*x = 2*t + 1 + u. Calculate the remainder when 27 is divided by x.
7
Suppose 0 = 4*g - 2 - 6. Suppose d - 25 = -4*x, d - 7 = 5*x - 0*x. Calculate the remainder when d is divided 